s divided by 68582.
23
What is the remainder when 7049 is divided by 2329?
62
Calculate the remainder when 67684 is divided by 333.
85
Calculate the remainder when 1737 is divided by 1681.
56
What is the remainder when 7477 is divided by 122?
35
Calculate the remainder when 127833 is divided by 933.
12
What is the remainder when 3969 is divided by 612?
297
Calculate the remainder when 12327 is divided by 30.
27
Calculate the remainder when 801 is divided by 82.
63
What is the remainder when 2148 is divided by 360?
348
Calculate the remainder when 29914 is divided by 1068.
10
What is the remainder when 10450 is divided by 80?
50
What is the remainder when 93691 is divided by 768?
763
Calculate the remainder when 80175 is divided by 80170.
5
Calculate the remainder when 5822 is divided by 1444.
46
Calculate the remainder when 87683 is divided by 49.
22
What is the remainder when 196417 is divided by 230?
227
Calculate the remainder when 49886 is divided by 4534.
12
What is the remainder when 61626 is divided by 22?
4
Calculate the remainder when 25639 is divided by 583.
570
Calculate the remainder when 200663 is divided by 10.
3
Calculate the remainder when 4875 is divided by 1954.
967
Calculate the remainder when 6357 is divided by 60.
57
What is the remainder when 5323 is divided by 4658?
665
Calculate the remainder when 1989 is divided by 288.
261
What is the remainder when 839 is divided by 13?
7
Calculate the remainder when 49504 is divided by 4944.
64
What is the remainder when 9899 is divided by 26?
19
Calculate the remainder when 9678 is divided by 604.
14
What is the remainder when 29864 is divided by 679?
667
Calculate the remainder when 54552 is divided by 155.
147
Calculate the remainder when 6495 is divided by 1478.
583
What is the remainder when 114270 is divided by 16?
14
Calculate the remainder when 2038 is divided by 565.
343
What is the remainder when 12249 is divided by 14?
13
What is the remainder when 47911 is divided by 24?
7
What is the remainder when 19973 is divided by 1105?
83
Calculate the remainder when 40579 is divided by 153.
34
What is the remainder when 1089 is divided by 412?
265
Calculate the remainder when 625 is divided by 17.
13
What is the remainder when 7111 is divided by 1357?
326
What is the remainder when 28929 is divided by 226?
1
What is the remainder when 1348283 is divided by 294?
293
What is the remainder when 555 is divided by 14?
9
Calculate the remainder when 10883 is divided by 10862.
21
What is the remainder when 4934 is divided by 1828?
1278
Calculate the remainder when 5656 is divided by 48.
40
Calculate the remainder when 4149 is divided by 1224.
477
What is the remainder when 16750 is divided by 335?
0
Calculate the remainder when 40479 is divided by 234.
231
Calculate the remainder when 42215 is divided by 203.
194
What is the remainder when 61380 is divided by 167?
91
Calculate the remainder when 323783 is divided by 32373.
53
Calculate the remainder when 256711 is divided by 60.
31
What is the remainder when 53700 is divided by 615?
195
Calculate the remainder when 49389 is divided by 211.
15
What is the remainder when 879 is divided by 443?
436
What is the remainder when 422 is divided by 104?
6
Calculate the remainder when 21013 is divided by 87.
46
Calculate the remainder when 16593 is divided by 448.
17
Calculate the remainder when 30584 is divided by 6113.
19
Calculate the remainder when 5837 is divided by 604.
401
What is the remainder when 6395 is divided by 1181?
490
Calculate the remainder when 4735 is divided by 333.
73
What is the remainder when 20363 is divided by 20356?
7
What is the remainder when 3708432 is divided by 1236141?
9
What is the remainder when 125430 is divided by 181?
178
Calculate the remainder when 3186 is divided by 31.
24
Calculate the remainder when 80025 is divided by 20004.
9
Calculate the remainder when 418979 is divided by 2277.
11
What is the remainder when 31375 is divided by 103?
63
What is the remainder when 3642622 is divided by 408?
406
What is the remainder when 991 is divided by 488?
15
What is the remainder when 1316003 is divided by 77?
73
What is the remainder when 2436 is divided by 152?
4
Calculate the remainder when 1899 is divided by 938.
23
What is the remainder when 6821 is divided by 96?
5
What is the remainder when 93991 is divided by 20?
11
Calculate the remainder when 64662 is divided by 5.
2
What is the remainder when 286731 is divided by 143349?
33
Calculate the remainder when 1117875 is divided by 367.
360
What is the remainder when 1363 is divided by 969?
394
Calculate the remainder when 12848 is divided by 623.
388
Calculate the remainder when 3164 is divided by 37.
19
Calculate the remainder when 3166 is divided by 117.
7
Calculate the remainder when 491 is divided by 112.
43
What is the remainder when 25771 is divided by 379?
378
Calculate the remainder when 13124 is divided by 545.
44
What is the remainder when 2182 is divided by 721?
19
What is the remainder when 3760 is divided by 376?
0
Calculate the remainder when 567 is divided by 97.
82
What is the remainder when 17599 is divided by 8740?
119
Calculate the remainder when 1115 is divided by 351.
62
Calculate the remainder when 55934 is divided by 53.
19
What is the remainder when 18946 is divided by 117?
109
What is the remainder when 301151 is divided by 205?
6
What is the remainder when 8273 is divided by 64?
17
Calculate the remainder when 7613 is divided by 2465.
218
What is the remainder when 584916 is divided by 2417?
2
What is the remainder when 196679 is divided by 4795?
84
What is the remainder when 3764 is divided by 147?
89
What is the remainder when 187558 is divided by 93774?
10
What is the remainder when 328836 is divided by 165?
156
What is the remainder when 78435 is divided by 31?
5
Calculate the remainder when 71056 is divided by 35.
6
What is the remainder when 6701 is divided by 68?
37
What is the remainder when 161161 is divided by 8?
1
Calculate the remainder when 14047742 is divided by 102.
98
Calculate the remainder when 18593 is divided by 78.
29
What is the remainder when 451827 is divided by 26?
25
What is the remainder when 1202679 is divided by 663?
660
Calculate the remainder when 125712 is divided by 50.
12
Calculate the remainder when 81243 is divided by 152.
75
What is the remainder when 4035 is divided by 586?
519
Calculate the remainder when 7624 is divided by 1087.
15
What is the remainder when 2153781 is divided by 270?
261
Calculate the remainder when 697449 is divided by 99.
93
Calculate the remainder when 10022 is divided by 9149.
873
Calculate the remainder when 14011 is divided by 211.
85
What is the remainder when 27725 is divided by 85?
15
What is the remainder when 41882 is divided by 551?
6
What is the remainder when 1068067 is divided by 254?
251
What is the remainder when 30423 is divided by 49?
43
Calculate the remainder when 506 is divided by 165.
11
What is the remainder when 412688 is divided by 34?
30
Calculate the remainder when 34064 is divided by 34052.
12
What is the remainder when 37449 is divided by 18?
9
Calculate the remainder when 1514 is divided by 597.
320
Calculate the remainder when 306754 is divided by 11.
8
Calculate the remainder when 165543 is divided by 2759.
3
What is the remainder when 541 is divided by 356?
185
Calculate the remainder when 2019 is divided by 1834.
185
Calculate the remainder when 547415 is divided by 484.
11
Calculate the remainder when 14405 is divided by 6159.
2087
What is the remainder when 479408 is divided by 5?
3
What is the remainder when 18826 is divided by 349?
329
Calculate the remainder when 12917 is divided by 1845.
2
What is the remainder when 96814 is divided by 265?
89
Calculate the remainder when 22278 is divided by 71.
55
Calculate the remainder when 23673 is divided by 5.
3
Calculate the remainder when 257411 is divided by 257408.
3
Calculate the remainder when 27689 is divided by 22.
13
Calculate the remainder when 97945 is divided by 9.
7
Calculate the remainder when 240294 is divided by 11.
10
Calculate the remainder when 448199 is divided by 540.
539
Calculate the remainder when 72824 is divided by 734.
158
What is the remainder when 49367 is divided b